*n(l) - p(l). What are the prime factors of u(0)?
5
Let n be ((-30)/(-25))/((-1)/5). Let q be (51/(-5))/(n/20). What are the prime factors of q/(-85) - 187/(-5)?
37
Let v(q) = q**3 + 3*q**2 - 2. Let y be v(-2). Let a be 12 + -12 - (-6)/y. Suppose -7*b + 76 = -3*b + 4*x, -b + 13 = a*x. What are the prime factors of b?
2, 11
Let a = 317 + 27. Let s = 679 - a. List the prime factors of s.
5, 67
Let z(a) = -a**2 - 10*a + 16. Let g be z(-11). Suppose -3*u - g*m = -1533, 7*u + 3*m = 6*u + 515. What are the prime factors of u?
2, 11, 23
Let n(i) = i**2 + i + 1. Let t(a) = -90*a**2 - 14*a + 13. Let b(k) = -4*n(k) - t(k). List the prime factors of b(4).
1399
Suppose -188430 = 62*a - 527074. List the prime factors of a.
2, 2731
Let s be ((-8 + 3)/(-5))/((-1)/(-756)). Suppose 3*p + 67 + 941 = 4*f, -3*f + s = -p. List the prime factors of f.
2, 3, 7
Suppose -29*x = -94*x + 111930. List the prime factors of x.
2, 3, 7, 41
Suppose 5*w - 47128 = -5*d + 12147, -7*d + 35589 = 3*w. What are the prime factors of w?
17, 41
Let c(m) = 3*m - 20. Let w be c(12). Suppose -2*t + 4*u = -4, -u = -5*t + 3*u + w. Suppose 0 = 2*d - t*d + 124. What are the prime factors of d?
2, 31
Let l = 33642 - 22722. Suppose 18*s + l = 28*s. List the prime factors of s.
2, 3, 7, 13
Let l be ((-1645)/(-15))/(76/15 + -5). Let s = -522 + l. List the prime factors of s.
1123
Suppose -452196 + 9937 = -71*f. What are the prime factors of f?
6229
Suppose -a - 10 = -4*v, 2 - 10 = -a - 2*v. Suppose j - 3*j = a*j. What are the prime factors of (0 - -1)*j - -217?
7, 31
List the prime factors of 4/(96/300)*1254.
3, 5, 11, 19
Let i = 378 + -374. Suppose -2*z - 4*r = -686, -6*z + 676 = -i*z - r. List the prime factors of z.
3, 113
Let m be 9/12 - (-2)/8. Suppose 2*j - m = 9. Suppose 5*k = 7*k + 4*b - 234, 4*b + 655 = j*k. List the prime factors of k.
127
What are the prime factors of (-19245)/(-3) + 80*6/48?
5, 257
List the prime factors of 3/((-18)/(-116))*((-3326)/(-4) - -7).
13, 29, 43
Let m = 2633 + 1425. List the prime factors of m.
2, 2029
Let k(t) = -t**3 - t**2 + t + 2. Let u be k(-2). Suppose 0 = -u*g + 3 + 13. Suppose -1 = -g*w + 19. What are the prime factors of w?
5
Suppose 2*z + 32 + 14 = 0. Let i be z*2/(-10) + 3/(-5). Suppose -i*q + 656 = -f + 6*f, 3*q = -2*f + 492. What are the prime factors of q?
2, 41
Let u(g) = -g**2 + 2*g. Let s(d) = 4*d**2 - 23*d + 79. Let r(h) = s(h) + 3*u(h). What are the prime factors of r(30)?
7, 67
What are the prime factors of (-16)/216 + 5801592/648?
7, 1279
Suppose 5*r = -9 + 29. Suppose -4*w = 4 - 0, -r*t - 4*w = 0. What are the prime factors of (t - 3)/((-602)/(-202) + -3)?
101
Let g(f) = -f**3 - 7*f**2 - 10*f + 8. Let r be g(-5). Suppose -5*p = -3*l - 45, -3*p - 45 = -r*p + 2*l. List the prime factors of 4 - (p + -2) - -12.
3
Suppose -c - 102 = -346. Suppose 0 = l + 3*l + 5*z - c, -l - 2*z = -61. What are the prime factors of l?
61
Let a = 1196 - 1821. What are the prime factors of ((-4)/(-5) - 0)/((-2)/a)?
2, 5
Suppose -g - 132 = -n - 4*g, 3 = 3*g. Suppose -17*p = n - 12284. What are the prime factors of p?
5, 11, 13
Let o(s) = -s**3 + 12*s**2 + 45*s + 4. Let c be o(15). Let u = -35 - -36. Suppose -2*w + 28 = 4*j, -j - 30 + u = -c*w. List the prime factors of w.
2
Let r(x) = 1052*x - 684. What are the prime factors of r(7)?
2, 5, 167
Suppose 0 = z + 3*h - 6, -7 + 1 = z - h. List the prime factors of -54*((-216)/(-16))/z.
3
Suppose -62*l = 18*l - 535920. List the prime factors of l.
3, 7, 11, 29
Let i = 148040 - 84570. List the prime factors of i/90 + 4/(-18).
3, 5, 47
Let t(m) = 819*m + 43. Let f be t(2). Suppose 4178 = 27*d - f. List the prime factors of d.
7, 31
Let d be (50/(-2))/(-5) - (-1951 - 6). Suppose d + 5566 = 8*q. What are the prime factors of q?
941
Let y(c) be the third derivative of 73*c**5/60 + c**3/6 - 2*c**2. Suppose -101*b - 15 = 3*o - 104*b, 4*b - 11 = -5*o. What are the prime factors of y(o)?
2, 37
What are the prime factors of 5/((-210)/18) + (-783)/42*-1774?
2, 3, 13, 53
Suppose 6*g - 5*g = 44. Let y be (g/6)/(-5*12/(-90)). Suppose -y*b + 1108 + 1334 = 0. What are the prime factors of b?
2, 3, 37
Suppose -107*b + 223654 = -410856. List the prime factors of b.
2, 5, 593
Let f(w) = -w**3 - 4*w**2 + 2*w + 2. Let n be f(-5). Suppose -4*s + 23 = -n. List the prime factors of (3 - 374/(-10)) + 6/s.
41
List the prime factors of ((-19)/((-570)/21800))/(5/(-240)*-4).
2, 5, 109
Let g(l) = 13*l + 116. Let r be g(27). Let j = -138 + r. List the prime factors of j.
7, 47
Let k = 4 - 40. Let f = -23 - k. Suppose -f*h + 180 = -7*h. List the prime factors of h.
2, 3, 5
Suppose 0 = -5*n + o - 1473, -3*o + 0 = 6. Let i = -448 - n. List the prime factors of (i/(-6))/((-3)/(-4)).
2, 17
Let g(x) = 2*x**2 - 64. Let o be g(7). What are the prime factors of ((-1786)/10)/(o/(-170))?
19, 47
Suppose -13*h + 9346 = -127895. Suppose -23997 - h = -39*m. What are the prime factors of m?
2, 443
Suppose -4*n + 2*x + 50 = 0, 4*x - 10 = 2*x. Suppose 2541 = -n*g + 4*g. Let l = g + 342. List the prime factors of l.
3, 37
Let c = 445 - 383. Suppose 65*q = c*q + 714. What are the prime factors of q?
2, 7, 17
Let d be (-7)/1 + (-24 - -27) - -960. Suppose 2*q - d = 4*n, q - n - 475 = -0*n. What are the prime factors of q?
2, 59
Suppose 2*m = 5045 + 27099. List the prime factors of m.
2, 7, 41
Suppose -227*r = -225*r - 208. Suppose r = 125*n - 121*n. List the prime factors of n.
2, 13
Let a = 34789 - 12940. What are the prime factors of a?
3, 7283
Suppose 3*i - 5*a - 43 = -0*a, 0 = -i + 4*a + 26. Suppose -u + 2*u = i. Suppose 819 = -u*f + 15*f. List the prime factors of f.
7, 13
Let j(d) = 2*d**2 - 7*d + 80. Let u be j(-16). Let h = 65 + u. What are the prime factors of h?
769
Let l(g) = 2*g**2 - 17*g - 154. Let v be l(-17). Suppose 18*x - v - 331 = 0. What are the prime factors of x?
2, 29
Let u = -28827 - -66791. List the prime factors of u.
2, 9491
Let u be ((-36)/3)/((-3)/(-8)). Let k be (264/u)/(-1 + (-9)/(-8)). Let q = 0 - k. What are the prime factors of q?
2, 3, 11
Let f(t) = 137*t**2 + 21*t - 90. List the prime factors of f(6).
2, 3, 23
Suppose 0 = 71*w - 268028 - 12635. List the prime factors of w.
59, 67
Let f be 2/11 + (-212)/(-44). Let o = 8 - f. Suppose 4*i - 89 = -3*t, o*i + 58 = 3*t - 38. What are the prime factors of t?
31
Suppose 4*t - 30986 = 2*m, -3*t + 184*m = 186*m - 23222. What are the prime factors of t?
2, 11
Let x(t) = -t**3 - 8*t**2 - 18*t + 31. Let y(f) = -f**3 - 7*f**2 - 20*f + 30. Let m(v) = 7*x(v) - 6*y(v). What are the prime factors of m(-14)?
11
List the prime factors of 35 + -22 + -8 + 26922.
26927
Suppose m + m + 5*o - 139 = 0, 5*o + 5 = 0. Let r be ((-16)/(-6))/((-48)/m). List the prime factors of 257 + 4 + (-4)/2 + r.
3, 5, 17
Let l(j) = -j**3 + 7*j**2 + 5*j + 15. Let o be l(8). Let s be o/(-3) + 7 + -9. What are the prime factors of (s - 237/15)/((-14)/140)?
2, 37
What are the prime factors of (1*2/(-6))/((-3)/(-23 - -15404))?
1709
Let i = 5150 - -1704. What are the prime factors of i?
2, 23, 149
Let s(t) be the second derivative of -t**5/20 + 11*t**4/12 + 5*t**3/2 - 18*t**2 + 71*t. What are the prime factors of s(10)?
2, 107
Let s(q) = -99*q - 7. Let l(p) = 98*p + 7. Let m = 29 + -25. Let t(b) = m*l(b) + 3*s(b). What are the prime factors of t(1)?
2, 3, 17
Suppose 7*n = 5*n - 8, 4*s - 5*n + 524 = 0. Let v = 632 + s. What are the prime factors of v?
2, 31
Let s(j) = 1156*j - 205. What are the prime factors of s(4)?
3, 491
Let j(p) be the third derivative of p**5/60 + p**4/12 + 79*p**3/6 - 17*p**2. Let i be j(0). Suppose 4 = w - i. What are the prime factors of w?
83
Suppose -c = 2*a - 5263, 92*a - 88*a - 2*c - 10506 = 0. What are the prime factors of a?
11, 239
Suppose -67*s + 48*s = -11134. Let z = -407 + s. What are the prime factors of z?
179
Suppose 2*y = 2*o + 13138, -4*y = -2*o - 2745 - 23517. What are the prime factors of y?
2, 17, 193
Suppose 22*y = -y + 18814. What are the prime factors of y?
2, 409
Let m(v) = 24*v**2 - 4*v + 17. Let z(n) = -2*n**3 + 16*n**2 + 3*n - 28. Let i be z(8). What are the prime factors of m(i)?
3, 139
What are the prime factors of 1529656/26 - 1428/1547?
2, 3677
List the prime factors of 295174/33 + ((-2)/(-6) - 0).
5, 1789
Suppose 9 = -5*v - 36. Let q = -124 + 318. Let b = q - v. List the pri